{"id":61,"date":"2025-09-25T19:43:20","date_gmt":"2025-09-25T19:43:20","guid":{"rendered":"https:\/\/www.untarotaucottage.com\/?page_id=61"},"modified":"2025-09-30T13:09:21","modified_gmt":"2025-09-30T13:09:21","slug":"reservation","status":"publish","type":"page","link":"https:\/\/www.untarotaucottage.com\/index.php\/reservation\/","title":{"rendered":"R\u00e9servation"},"content":{"rendered":"\n<div class=\"wp-block-columns is-layout-flex wp-container-core-columns-is-layout-28f84493 wp-block-columns-is-layout-flex\">\n<div class=\"wp-block-column is-layout-flow wp-block-column-is-layout-flow\" style=\"flex-basis:5%\"><\/div>\n\n\n\n<div class=\"wp-block-column is-layout-flow wp-block-column-is-layout-flow\" style=\"flex-basis:40%\"><div class=\"wp-block-image\">\n<figure class=\"aligncenter size-large\"><img loading=\"lazy\" decoding=\"async\" width=\"638\" height=\"1024\" src=\"https:\/\/www.untarotaucottage.com\/wp-content\/uploads\/2025\/09\/20250916_190211-638x1024.png\" alt=\"\" class=\"wp-image-170\" srcset=\"https:\/\/www.untarotaucottage.com\/wp-content\/uploads\/2025\/09\/20250916_190211-638x1024.png 638w, https:\/\/www.untarotaucottage.com\/wp-content\/uploads\/2025\/09\/20250916_190211-187x300.png 187w, https:\/\/www.untarotaucottage.com\/wp-content\/uploads\/2025\/09\/20250916_190211-768x1232.png 768w, https:\/\/www.untarotaucottage.com\/wp-content\/uploads\/2025\/09\/20250916_190211-957x1536.png 957w, https:\/\/www.untarotaucottage.com\/wp-content\/uploads\/2025\/09\/20250916_190211-1276x2048.png 1276w, https:\/\/www.untarotaucottage.com\/wp-content\/uploads\/2025\/09\/20250916_190211-1140x1829.png 1140w, https:\/\/www.untarotaucottage.com\/wp-content\/uploads\/2025\/09\/20250916_190211.png 1500w\" sizes=\"auto, (max-width: 638px) 100vw, 638px\" \/><\/figure>\n<\/div>\n\n\n<p><\/p>\n<\/div>\n\n\n\n<div class=\"wp-block-column is-layout-flow wp-block-column-is-layout-flow\"><\/div>\n\n\n\n<div class=\"wp-block-column is-layout-flow wp-block-column-is-layout-flow\" style=\"flex-basis:50%\">\n<p class=\"has-text-align-left\"><br>Afin de convenir d&rsquo;une s\u00e9ance, je vous invite :<br>&#8211; soit \u00e0 me contacter au <a href=\"tel:0675454556\">0675454556<\/a> (de pr\u00e9f\u00e9rences en journ\u00e9e et en semaine)<br>&#8211; soit \u00e0 remplir ce formulaire.<br><br>\u00c0 r\u00e9ception de votre demande, je vous contacterai pour convenir d&rsquo;un rdv selon nos disponibilit\u00e9s communes.<br><br>Je vous enverrais \u00e9galement un questionnaire rapide afin que nous gagnons du temps pour votre s\u00e9ance.<br><br>\u00c0 noter : je ne r\u00e9ponds pas aux questions de sant\u00e9 au sens m\u00e9dical du terme. C&rsquo;est une question d&rsquo;\u00e9thique et de limites du champs de mon accompagnement. <br><br>Le paiement de la s\u00e9ance se fait \u00e0 la r\u00e9servation une fois la date fix\u00e9e, et maximum 24h avant celle-ci. Je vous enverrais un lien de paiement s\u00e9curis\u00e9 (SumUp). <br>La s\u00e9ance se fera en visio par Whatsapp. <br>Si vous souhaitez une autre application de visio, n&rsquo;h\u00e9sitez pas \u00e0 me le dire.<\/p>\n<\/div>\n<\/div>\n\n\n\n<div class=\"wp-block-columns is-layout-flex wp-container-core-columns-is-layout-28f84493 wp-block-columns-is-layout-flex\">\n<div class=\"wp-block-column is-layout-flow wp-block-column-is-layout-flow\" style=\"flex-basis:5%\"><\/div>\n\n\n\n<div class=\"wp-block-column is-vertically-aligned-center is-layout-flow wp-block-column-is-layout-flow\" style=\"flex-basis:90%\">\n<div class=\"wp-block-columns is-not-stacked-on-mobile is-layout-flex wp-container-core-columns-is-layout-28f84493 wp-block-columns-is-layout-flex\">\n<div class=\"wp-block-column is-layout-flow wp-block-column-is-layout-flow\">\n<p class=\"has-text-align-center mediump has-medium-font-size\" style=\"border-style:none;border-width:0px\"><br>Formulaire de r\u00e9servation<\/p>\n<\/div>\n<\/div>\n<\/div>\n\n\n\n<div class=\"wp-block-column is-layout-flow wp-block-column-is-layout-flow\" style=\"flex-basis:5%\"><\/div>\n<\/div>\n\n\n\n<p><\/p>\n\n\n\n<div class=\"wp-block-columns is-layout-flex wp-container-core-columns-is-layout-28f84493 wp-block-columns-is-layout-flex\">\n<div class=\"wp-block-column is-layout-flow wp-block-column-is-layout-flow\" style=\"flex-basis:5%\"><\/div>\n\n\n\n<div class=\"wp-block-column is-layout-flow wp-block-column-is-layout-flow\" style=\"flex-basis:90%\"><div class=\"frm_forms  with_frm_style frm_style_style-formidable\" id=\"frm_form_1_container\" >\n<form enctype=\"multipart\/form-data\" method=\"post\" class=\"frm-show-form \" id=\"form_contact-form\" >\n<div class=\"frm_form_fields \">\n<fieldset>\n<legend class=\"frm_screen_reader\">Formulaire de r\u00e9servation<\/legend>\r\n\r\n<div class=\"frm_fields_container\">\n<input type=\"hidden\" name=\"frm_action\" value=\"create\" \/>\n<input type=\"hidden\" name=\"form_id\" value=\"1\" \/>\n<input type=\"hidden\" name=\"frm_hide_fields_1\" id=\"frm_hide_fields_1\" value=\"\" \/>\n<input type=\"hidden\" name=\"form_key\" value=\"contact-form\" \/>\n<input type=\"hidden\" name=\"item_meta[0]\" value=\"\" \/>\n<input type=\"hidden\" id=\"frm_submit_entry_1\" name=\"frm_submit_entry_1\" value=\"9d91344833\" \/><input type=\"hidden\" name=\"_wp_http_referer\" value=\"\/index.php\/wp-json\/wp\/v2\/pages\/61\" \/><div id=\"frm_field_1_container\" class=\"frm_form_field form-field  frm_required_field frm_top_container frm_first frm_half\">\r\n\t<label for=\"field_qh4icy\" id=\"field_qh4icy_label\" class=\"frm_primary_label\">Nom\r\n\t\t<span class=\"frm_required\" aria-hidden=\"true\">*<\/span>\r\n\t<\/label>\r\n\t<input type=\"text\" id=\"field_qh4icy\" name=\"item_meta[1]\" value=\"\"  data-reqmsg=\"Nom ne peut pas \u00eatre vide.\" aria-required=\"true\" data-invmsg=\"Nom est non valide\" aria-invalid=\"false\"   aria-describedby=\"frm_desc_field_qh4icy\"\/>\r\n\t<div class=\"frm_description\" id=\"frm_desc_field_qh4icy\">Nom<\/div>\r\n\t\r\n<\/div>\n<div id=\"frm_field_2_container\" class=\"frm_form_field form-field  frm_required_field frm_hidden_container frm_half\">\r\n\t<label for=\"field_ocfup1\" id=\"field_ocfup1_label\" class=\"frm_primary_label\">Pr\u00e9nom\r\n\t\t<span class=\"frm_required\" aria-hidden=\"true\">*<\/span>\r\n\t<\/label>\r\n\t<input type=\"text\" id=\"field_ocfup1\" name=\"item_meta[2]\" value=\"\"  data-reqmsg=\"Pr\u00e9nom ne peut pas \u00eatre vide.\" aria-required=\"true\" data-invmsg=\"Pr\u00e9nom est non valide\" aria-invalid=\"false\"   aria-describedby=\"frm_desc_field_ocfup1\"\/>\r\n\t<div class=\"frm_description\" id=\"frm_desc_field_ocfup1\">Pr\u00e9nom<\/div>\r\n\t\r\n<\/div>\n<div id=\"frm_field_7_container\" class=\"frm_form_field form-field  frm_required_field frm_top_container\">\r\n\t<label for=\"field_1qbn1\" id=\"field_1qbn1_label\" class=\"frm_primary_label\">T\u00e9l\u00e9phone\r\n\t\t<span class=\"frm_required\" aria-hidden=\"true\">*<\/span>\r\n\t<\/label>\r\n\t<input type=\"tel\" id=\"field_1qbn1\" name=\"item_meta[7]\" value=\"\"  data-reqmsg=\"T\u00e9l\u00e9phone ne peut pas \u00eatre vide.\" aria-required=\"true\" data-invmsg=\"T\u00e9l\u00e9phone est non valide\" aria-invalid=\"false\" pattern=\"((\\+\\d{1,3}(-|.| )?\\(?\\d\\)?(-| |.)?\\d{1,5})|(\\(?\\d{2,6}\\)?))(-|.| )?(\\d{3,4})(-|.| )?(\\d{4})(( x| ext)\\d{1,5}){0,1}$\"  \/>\r\n\t\r\n\t\r\n<\/div>\n<div id=\"frm_field_3_container\" class=\"frm_form_field form-field  frm_required_field frm_top_container frm_full\">\r\n\t<label for=\"field_29yf4d\" id=\"field_29yf4d_label\" class=\"frm_primary_label\">Email\r\n\t\t<span class=\"frm_required\" aria-hidden=\"true\">*<\/span>\r\n\t<\/label>\r\n\t<input type=\"email\" id=\"field_29yf4d\" name=\"item_meta[3]\" value=\"\"  data-reqmsg=\"Email ne peut pas \u00eatre vide.\" aria-required=\"true\" data-invmsg=\"Please enter a valid email address\" aria-invalid=\"false\"  \/>\r\n\t\r\n\t\r\n<\/div>\n<div id=\"frm_field_8_container\" class=\"frm_form_field form-field  frm_required_field frm_top_container frm12 frm_first\">\r\n\t<label for=\"field_5qkay\" id=\"field_5qkay_label\" class=\"frm_primary_label\">Choix de s\u00e9ance\r\n\t\t<span class=\"frm_required\" aria-hidden=\"true\">*<\/span>\r\n\t<\/label>\r\n\t\t\t<select name=\"item_meta[8]\" id=\"field_5qkay\"  data-reqmsg=\"Choix de s\u00e9ance ne peut pas \u00eatre vide.\" aria-required=\"true\" data-invmsg=\"Choix de s\u00e9ance est non valide\" aria-invalid=\"false\"  >\n\t\t<option  value=\"S\u00e9ance 1 question (15min) - 15\u20ac\">S\u00e9ance 1 question (15min) &#8211; 15\u20ac<\/option><option  value=\"S\u00e9ance 1h - 60\u20ac\">S\u00e9ance 1h &#8211; 60\u20ac<\/option><option  value=\"S\u00e9ance approfondie 2h - 100\u20ac\">S\u00e9ance approfondie 2h &#8211; 100\u20ac<\/option>\t<\/select>\n\t\r\n\t\r\n\t\r\n<\/div>\n<div id=\"frm_field_5_container\" class=\"frm_form_field form-field  frm_required_field frm_top_container frm_full\">\r\n\t<label for=\"field_9jv0r1\" id=\"field_9jv0r1_label\" class=\"frm_primary_label\">Message\r\n\t\t<span class=\"frm_required\" aria-hidden=\"true\">*<\/span>\r\n\t<\/label>\r\n\t<textarea name=\"item_meta[5]\" id=\"field_9jv0r1\" rows=\"5\"  data-reqmsg=\"Message ne peut pas \u00eatre vide.\" aria-required=\"true\" data-invmsg=\"Message est non valide\" aria-invalid=\"false\"  ><\/textarea>\r\n\t\r\n\t\r\n<\/div>\n<div id=\"frm_field_6_container\" class=\"frm_form_field form-field \">\r\n\t<div class=\"frm_submit frm_flex\">\r\n<button class=\"frm_button_submit\" type=\"submit\"  >Envoyer<\/button>\r\n\r\n\r\n\r\n<\/div>\r\n<\/div>\n\t<input type=\"hidden\" name=\"item_key\" value=\"\" \/>\n\t\t\t<div id=\"frm_field_9_container\">\n\t\t\t<label for=\"field_v0drs\" >\n\t\t\t\tSi vous \u00eates un humain, ne remplissez pas ce champ.\t\t\t<\/label>\n\t\t\t<input  id=\"field_v0drs\" type=\"text\" class=\"frm_form_field form-field frm_verify\" name=\"item_meta[9]\" value=\"\"  \/>\n\t\t<\/div>\n\t\t<input name=\"frm_state\" type=\"hidden\" value=\"nq9Ah19e\/84ckDdpxQih9YolyYAGgXw2aqzeOqpQCuA=\" \/><\/div>\n<\/fieldset>\n<\/div>\n\n<\/form>\n<\/div>\n<\/div>\n\n\n\n<div class=\"wp-block-column is-layout-flow wp-block-column-is-layout-flow\" style=\"flex-basis:5%\"><\/div>\n<\/div>\n","protected":false},"excerpt":{"rendered":"<p>Afin de convenir d&rsquo;une s\u00e9ance, je vous invite :&#8211; soit \u00e0 me contacter au 0675454556 (de pr\u00e9f\u00e9rences en journ\u00e9e et en semaine)&#8211; soit \u00e0 remplir ce formulaire. \u00c0 r\u00e9ception de votre demande, je vous contacterai pour convenir d&rsquo;un rdv selon nos disponibilit\u00e9s communes. Je vous enverrais \u00e9galement un questionnaire rapide afin que nous gagnons du temps pour votre s\u00e9ance. \u00c0 noter : je ne r\u00e9ponds pas aux questions de sant\u00e9 au sens m\u00e9dical du terme. C&rsquo;est une question d&rsquo;\u00e9thique et de limites du champs de mon accompagnement. Le paiement de la s\u00e9ance se fait \u00e0 la r\u00e9servation une fois la date fix\u00e9e, et maximum 24h avant celle-ci. Je vous enverrais un lien de paiement s\u00e9curis\u00e9 (SumUp). La s\u00e9ance se fera en visio par Whatsapp. Si vous souhaitez une autre application de visio, n&rsquo;h\u00e9sitez pas \u00e0 me le dire. Formulaire de r\u00e9servation<\/p>\n","protected":false},"author":1,"featured_media":0,"parent":0,"menu_order":0,"comment_status":"closed","ping_status":"closed","template":"","meta":{"footnotes":""},"class_list":["post-61","page","type-page","status-publish","hentry"],"_links":{"self":[{"href":"https:\/\/www.untarotaucottage.com\/index.php\/wp-json\/wp\/v2\/pages\/61","targetHints":{"allow":["GET"]}}],"collection":[{"href":"https:\/\/www.untarotaucottage.com\/index.php\/wp-json\/wp\/v2\/pages"}],"about":[{"href":"https:\/\/www.untarotaucottage.com\/index.php\/wp-json\/wp\/v2\/types\/page"}],"author":[{"embeddable":true,"href":"https:\/\/www.untarotaucottage.com\/index.php\/wp-json\/wp\/v2\/users\/1"}],"replies":[{"embeddable":true,"href":"https:\/\/www.untarotaucottage.com\/index.php\/wp-json\/wp\/v2\/comments?post=61"}],"version-history":[{"count":28,"href":"https:\/\/www.untarotaucottage.com\/index.php\/wp-json\/wp\/v2\/pages\/61\/revisions"}],"predecessor-version":[{"id":486,"href":"https:\/\/www.untarotaucottage.com\/index.php\/wp-json\/wp\/v2\/pages\/61\/revisions\/486"}],"wp:attachment":[{"href":"https:\/\/www.untarotaucottage.com\/index.php\/wp-json\/wp\/v2\/media?parent=61"}],"curies":[{"name":"wp","href":"https:\/\/api.w.org\/{rel}","templated":true}]}}